{"id":51,"date":"2024-07-25T08:16:06","date_gmt":"2024-07-25T08:16:06","guid":{"rendered":"https:\/\/zubry.hmcloud.pl\/piotrek13\/?page_id=51"},"modified":"2026-04-16T13:14:32","modified_gmt":"2026-04-16T13:14:32","slug":"kontakt","status":"publish","type":"page","link":"https:\/\/bisonlife13.zubry.org\/?page_id=51","title":{"rendered":"KONTAKT"},"content":{"rendered":"\n<div class=\"wp-block-columns is-layout-flex wp-container-core-columns-is-layout-1 wp-block-columns-is-layout-flex\">\n<div class=\"wp-block-column is-layout-flow wp-block-column-is-layout-flow\">\t\t\t<div \n\t\t\tclass=\"wp-block-uagb-google-map uagb-google-map__wrap uagb-block-df197f6f     \"\n\t\t\tstyle=\"\" >\n\t\t\t\t<embed\n\t\t\t\t\tclass=\"uagb-google-map__iframe\"\n\t\t\t\t\ttitle=\"Google Map for \"\n\t\t\t\t\tsrc=\"https:\/\/maps.google.com\/maps?q=Jab%C5%82onowo%2042%2C%2078-650&#038;z=12&#038;hl=pl&#038;t=m&#038;output=embed&#038;iwloc=near\"\n\t\t\t\t\twidth=\"640\"\n\t\t\t\t\theight=\"650\"\n\t\t\t\t\tloading=\"lazy\"\n\t\t\t\t><\/embed>\n\t\t\t<\/div>\n\t\t\t<\/div>\n\n\n\n<div class=\"wp-block-column is-layout-flow wp-block-column-is-layout-flow\">\n<h4 class=\"wp-block-heading\">Adres<\/h4>\n\n\n\n<p>Zachodniopomorskie Towarzystwo<br>Przyrodnicze<\/p>\n\n\n\n<p>Jab\u0142onowo 42,<br>78-650 Miros\u0142awiec<\/p>\n\n\n\n<h4 class=\"wp-block-heading\">Adres e-mail<\/h4>\n\n\n\n<p>dzika.zagroda@zubry.org<\/p>\n\n\n\n<h4 class=\"wp-block-heading\">Telefony interwencyjne:<\/h4>\n\n\n\n<p><strong>Magdalena Tracz<\/strong>, tel. 661 647 616,<\/p>\n\n\n\n<p><strong>e-mail<\/strong>:&nbsp;<a href=\"mailto:magdalena.tracz@zubry.org\">magdalena.tracz@zubry.org<\/a><\/p>\n\n\n\n<p><strong>Maciej Tracz<\/strong>, tel. 501 009 692,<\/p>\n\n\n\n<p><strong>e-mail<\/strong>:&nbsp;dzika.zagroda@zubry.org<\/p>\n\n\n\n<p><strong>\u0141ukasz Strejk<\/strong>, tel. 783 811 891<\/p>\n\n\n\n<p><\/p>\n\n\n\n<p><\/p>\n<\/div>\n<\/div>\n\n\n\n<p class=\"has-text-color has-link-color wp-elements-a493ef9308ab170eae5e36a0841117e9\" style=\"color:#ffffff00\">\u201eDywersyfikacja i rozw\u00f3j populacji \u017cubr\u00f3w w p\u00f3\u0142nocno-zachodniej Polsce\u201d, wsp\u00f3\u0142finansowanego w ramach Instrumentu finansowanego na rzecz \u015arodowiska (ENV.E.3. \u2013 LIFE \u2013 Przyroda_ ze \u015brodk\u00f3w LIFE+ (umowa o dofinansowanie projektu z dnia 28.07.2014 r. nr LIFE13NAT\/PL\/000010) oraz ze \u015brodk\u00f3w Narodowego Funduszu Ochrony \u015arodowiska i Gospodarki Wodnej (umowa o dofinansowanie projektu z dnia 16.07.2014 r. nr 478\/2014\/Wn-16\/OP-RE-LF\/D).<\/p>\n","protected":false},"excerpt":{"rendered":"<p>Adres Zachodniopomorskie TowarzystwoPrzyrodnicze Jab\u0142onowo 42,78-650 Miros\u0142awiec Adres e-mail dzika.zagroda@zubry.org Telefony interwencyjne: Magdalena Tracz, tel. 661 647 616, e-mail:&nbsp;magdalena.tracz@zubry.org Maciej Tracz, tel. 501 009 692, e-mail:&nbsp;dzika.zagroda@zubry.org \u0141ukasz Strejk, tel. 783 811 891 \u201eDywersyfikacja i rozw\u00f3j populacji \u017cubr\u00f3w w p\u00f3\u0142nocno-zachodniej Polsce\u201d, wsp\u00f3\u0142finansowanego w ramach Instrumentu finansowanego na rzecz \u015arodowiska (ENV.E.3. \u2013 LIFE \u2013 Przyroda_ ze \u015brodk\u00f3w LIFE+ [&hellip;]<\/p>\n","protected":false},"author":1,"featured_media":0,"parent":0,"menu_order":0,"comment_status":"closed","ping_status":"closed","template":"","meta":{"_uag_custom_page_level_css":"","footnotes":""},"class_list":["post-51","page","type-page","status-publish","hentry"],"uagb_featured_image_src":{"full":false,"thumbnail":false,"medium":false,"medium_large":false,"large":false,"1536x1536":false,"2048x2048":false,"rpwe-thumbnail":false},"uagb_author_info":{"display_name":"admin","author_link":"https:\/\/bisonlife13.zubry.org\/?author=1"},"uagb_comment_info":0,"uagb_excerpt":"Adres Zachodniopomorskie TowarzystwoPrzyrodnicze Jab\u0142onowo 42,78-650 Miros\u0142awiec Adres e-mail dzika.zagroda@zubry.org Telefony interwencyjne: Magdalena Tracz, tel. 661 647 616, e-mail:&nbsp;magdalena.tracz@zubry.org Maciej Tracz, tel. 501 009 692, e-mail:&nbsp;dzika.zagroda@zubry.org \u0141ukasz Strejk, tel. 783 811 891 \u201eDywersyfikacja i rozw\u00f3j populacji \u017cubr\u00f3w w p\u00f3\u0142nocno-zachodniej Polsce\u201d, wsp\u00f3\u0142finansowanego w ramach Instrumentu finansowanego na rzecz \u015arodowiska (ENV.E.3. \u2013 LIFE \u2013 Przyroda_ ze \u015brodk\u00f3w LIFE+&hellip;","_links":{"self":[{"href":"https:\/\/bisonlife13.zubry.org\/index.php?rest_route=\/wp\/v2\/pages\/51","targetHints":{"allow":["GET"]}}],"collection":[{"href":"https:\/\/bisonlife13.zubry.org\/index.php?rest_route=\/wp\/v2\/pages"}],"about":[{"href":"https:\/\/bisonlife13.zubry.org\/index.php?rest_route=\/wp\/v2\/types\/page"}],"author":[{"embeddable":true,"href":"https:\/\/bisonlife13.zubry.org\/index.php?rest_route=\/wp\/v2\/users\/1"}],"replies":[{"embeddable":true,"href":"https:\/\/bisonlife13.zubry.org\/index.php?rest_route=%2Fwp%2Fv2%2Fcomments&post=51"}],"version-history":[{"count":8,"href":"https:\/\/bisonlife13.zubry.org\/index.php?rest_route=\/wp\/v2\/pages\/51\/revisions"}],"predecessor-version":[{"id":688,"href":"https:\/\/bisonlife13.zubry.org\/index.php?rest_route=\/wp\/v2\/pages\/51\/revisions\/688"}],"wp:attachment":[{"href":"https:\/\/bisonlife13.zubry.org\/index.php?rest_route=%2Fwp%2Fv2%2Fmedia&parent=51"}],"curies":[{"name":"wp","href":"https:\/\/api.w.org\/{rel}","templated":true}]}}