{"id":115,"date":"2024-07-25T08:57:15","date_gmt":"2024-07-25T08:57:15","guid":{"rendered":"https:\/\/zubry.hmcloud.pl\/piotrek13\/?page_id=115"},"modified":"2025-01-06T11:12:57","modified_gmt":"2025-01-06T11:12:57","slug":"informacje","status":"publish","type":"page","link":"https:\/\/bisonlife13.zubry.org\/?page_id=115","title":{"rendered":"Informacje"},"content":{"rendered":"\n<p>Mapa\u00a0BIOZ <a href=\"https:\/\/www.zubry.hmcloud.pl\/bisonlife\/mapa\/mapa.html\">\u201eBezpieczna Informacja o \u017bubrach\u201d<\/a> \u2013\u00a0\u00a0przedstawia lokalizacj\u0119 \u017cubr\u00f3w on-line . Celem stworzonej aplikacji \u00a0jest ograniczenie przypadkowych spotka\u0144, postrza\u0142\u00f3w, kolizji drogowych, ponadto ostrzega o zbli\u017caniu si\u0119 \u017cubr\u00f3w do cennych upraw i ruchliwych\u00a0dr\u00f3g.<\/p>\n\n\n\n<p>Widoczne rejony w postaci kolorowych&nbsp;kwadrat\u00f3w&nbsp;nie pokazuj\u0105 dok\u0142adnych wsp\u00f3\u0142rz\u0119dnych, ale area\u0142y o powierzchni ok. 4 km<sup>2&nbsp;<\/sup>na kt\u00f3rych przebywaj\u0105 \u017cubry.<\/p>\n\n\n\n<h3 class=\"wp-block-heading\"><\/h3>\n\n\n\n<figure class=\"wp-block-image aligncenter size-full\"><img loading=\"lazy\" decoding=\"async\" width=\"300\" height=\"129\" src=\"https:\/\/bisonlife13.zubry.org\/wp-content\/uploads\/2025\/01\/image-1.png\" alt=\"\" class=\"wp-image-342\"\/><\/figure>\n\n\n\n<p><a href=\"https:\/\/web.archive.org\/web\/20161120222228\/http:\/\/bisonlife13.zubry.org.pl\/wp-content\/uploads\/2016\/02\/Bez-tytu%C5%82u.jpg\"><\/a><\/p>\n\n\n\n<p>&nbsp; &nbsp; &nbsp; Wielko\u015b\u0107 zaznaczonych kwadrat\u00f3w ma uchroni\u0107 \u017cubry przed nadmiern\u0105 ciekawo\u015bci\u0105 turyst\u00f3w. Dzi\u0119ki temu zwierz\u0119ta zyskuj\u0105 komfort psychiczny i mo\u017cliwo\u015b\u0107 swobodnego poruszania si\u0119 po terenie. Mapa&nbsp;BIOZ&nbsp;ma s\u0142u\u017cy\u0107 przede wszystkim ostrzeganiu u\u017cytkownik\u00f3w o mo\u017cliwo\u015bci spotkania osobnik\u00f3w w r\u00f3\u017cnych sytuacjach np. podczas jazdy drog\u0105 krajow\u0105 nr 10- dzi\u0119ki temu mo\u017cna unikn\u0105\u0107 kolizji drogowej z w\u0119druj\u0105cymi \u017cubrami. Obro\u017ce,&nbsp;kt\u00f3re nosz\u0105 \u017cubry, posiadaj\u0105 wbudowany modu\u0142 GPS. Co 3 godziny urz\u0105dzenie wysy\u0142a dok\u0142adn\u0105 lokalizacj\u0119 danego osobnika. Cz\u0119stotliwo\u015b\u0107 przesy\u0142ania sygna\u0142u w g\u0142\u00f3wnej mierze zale\u017cy od terenu. Niekiedy stado \u017cubr\u00f3w mo\u017ce przebywa\u0107 w miejscach gdzie nie ma zasi\u0119gu, wtedy taki sygna\u0142 jest nadawany z pewnym op\u00f3\u017anieniem. Specjalny serwer, do kt\u00f3rego sp\u0142ywaj\u0105 dane przetwarza informacje o wsp\u00f3\u0142rz\u0119dnych i wizualizuje je w programie w postaci punkt\u00f3w. W dalszym etapie obr\u00f3bki danych, informacje s\u0105 wysy\u0142ane z okre\u015blonym op\u00f3\u017anieniem (6, 12 i 24 godziny) i przetwarzane przez stworzon\u0105 do tego celu aplikacj\u0119&nbsp;BIOZ&nbsp;w postaci \u201epoligon\u00f3w\u201d ( kolorowe kwadraty) , kt\u00f3re s\u0105 widoczne na mapie na naszej stronie.<\/p>\n\n\n\n<p>&nbsp;Komunikat w prawym dolnym rogu mapy:<\/p>\n\n\n\n<figure class=\"wp-block-image aligncenter\"><a href=\"https:\/\/web.archive.org\/web\/20161120222228\/http:\/\/bisonlife13.zubry.org.pl\/wp-content\/uploads\/2016\/02\/Bez-tytu%C5%82u22.jpg\"><img decoding=\"async\" src=\"https:\/\/web.archive.org\/web\/20161120222228im_\/http:\/\/bisonlife13.zubry.org.pl\/wp-content\/uploads\/2016\/02\/Bez-tytu%C5%82u22.jpg\" alt=\"Bez\u00a0tytu\u0142u22\" class=\"wp-image-4117\" title=\"\"\/><\/a><\/figure>\n\n\n\n<p>informuje o ilo\u015bci danych, kt\u00f3re s\u0105 prezentowane na mapce&nbsp;BIOZ. W obecnej&nbsp;chwili obro\u017ce telemetryczne posiada ok. 20 % osobnik\u00f3w z ca\u0142ej populacji zachodniopomorskiej. Takie obro\u017ce nosz\u0105 przewa\u017cnie krowy, poniewa\u017c to one przemieszczaj\u0105 si\u0119 ze stadem, natomiast byki rzadko otrzymuj\u0105 takie urz\u0105dzenie &nbsp;ze wzgl\u0119du na fakt,&nbsp;\u017ce&nbsp;przebywaj\u0105 osobno wi\u0119ksz\u0105 cze\u015b\u0107 roku. Dzi\u0119ki temu zyskujemy obraz&nbsp;gdzie w danym momencie przebywa&nbsp;ca\u0142e&nbsp;stado, co u\u0142atwia nam obserwacje i dzia\u0142ania w ramach Pogotowia \u017bubrowego.<\/p>\n\n\n\n<p><strong>UWAGA<\/strong>:&nbsp;&nbsp;Istnieje mo\u017cliwo\u015b\u0107 napotkania&nbsp;\u017cubr\u00f3w, kt\u00f3re nie s\u0105 widoczne na mapie, a przebywaj\u0105 w nietypowych miejscach np. pod Ko\u0142obrzegiem, b\u0105d\u017a innych, znacznie oddalonych od pierwotnych stad z teren\u00f3w Miros\u0142awca i Poligonu Drawskiego. Najcz\u0119\u015bciej s\u0105 to byki przebywaj\u0105ce w grupie kawalerskiej, samotne pojedynki, b\u0105d\u017a grupa kr\u00f3w, kt\u00f3re oddzieli\u0142y si\u0119 od widocznych na mapie, a nie posiadaj\u0105 obro\u017cy telemetrycznych. Je\u015bli Pa\u0144stwu uda\u0142o si\u0119 dostrzec takie osobniki, prosimy o kontakt z nasz\u0105 Baz\u0105 Obs\u0142ugi \u017bubr\u00f3w (<strong>kontakt lub zak\u0142adka Pogotowie \u017bubrowe<\/strong>). Po otrzymaniu takich informacji na bie\u017c\u0105co wprowadzamy dane do aplikacji w postaci \u201eW\u0119dr\u00f3wek\u201d i zamieszczamy post na naszej stroni internetowej. Dzi\u0119ki temu informacja o \u017cubrowym \u201ew\u0142\u00f3czykiju\u201d jest og\u00f3lnie dost\u0119pna.<\/p>\n","protected":false},"excerpt":{"rendered":"<p>Mapa\u00a0BIOZ \u201eBezpieczna Informacja o \u017bubrach\u201d \u2013\u00a0\u00a0przedstawia lokalizacj\u0119 \u017cubr\u00f3w on-line . Celem stworzonej aplikacji \u00a0jest ograniczenie przypadkowych spotka\u0144, postrza\u0142\u00f3w, kolizji drogowych, ponadto ostrzega o zbli\u017caniu si\u0119 \u017cubr\u00f3w do cennych upraw i ruchliwych\u00a0dr\u00f3g. Widoczne rejony w postaci kolorowych&nbsp;kwadrat\u00f3w&nbsp;nie pokazuj\u0105 dok\u0142adnych wsp\u00f3\u0142rz\u0119dnych, ale area\u0142y o powierzchni ok. 4 km2&nbsp;na kt\u00f3rych przebywaj\u0105 \u017cubry. &nbsp; &nbsp; &nbsp; Wielko\u015b\u0107 zaznaczonych kwadrat\u00f3w [&hellip;]<\/p>\n","protected":false},"author":1,"featured_media":0,"parent":0,"menu_order":0,"comment_status":"closed","ping_status":"closed","template":"","meta":{"_uag_custom_page_level_css":"","footnotes":""},"class_list":["post-115","page","type-page","status-publish","hentry"],"uagb_featured_image_src":{"full":false,"thumbnail":false,"medium":false,"medium_large":false,"large":false,"1536x1536":false,"2048x2048":false,"rpwe-thumbnail":false},"uagb_author_info":{"display_name":"admin","author_link":"https:\/\/bisonlife13.zubry.org\/?author=1"},"uagb_comment_info":0,"uagb_excerpt":"Mapa\u00a0BIOZ \u201eBezpieczna Informacja o \u017bubrach\u201d \u2013\u00a0\u00a0przedstawia lokalizacj\u0119 \u017cubr\u00f3w on-line . Celem stworzonej aplikacji \u00a0jest ograniczenie przypadkowych spotka\u0144, postrza\u0142\u00f3w, kolizji drogowych, ponadto ostrzega o zbli\u017caniu si\u0119 \u017cubr\u00f3w do cennych upraw i ruchliwych\u00a0dr\u00f3g. Widoczne rejony w postaci kolorowych&nbsp;kwadrat\u00f3w&nbsp;nie pokazuj\u0105 dok\u0142adnych wsp\u00f3\u0142rz\u0119dnych, ale area\u0142y o powierzchni ok. 4 km2&nbsp;na kt\u00f3rych przebywaj\u0105 \u017cubry. &nbsp; &nbsp; &nbsp; Wielko\u015b\u0107 zaznaczonych kwadrat\u00f3w&hellip;","_links":{"self":[{"href":"https:\/\/bisonlife13.zubry.org\/index.php?rest_route=\/wp\/v2\/pages\/115","targetHints":{"allow":["GET"]}}],"collection":[{"href":"https:\/\/bisonlife13.zubry.org\/index.php?rest_route=\/wp\/v2\/pages"}],"about":[{"href":"https:\/\/bisonlife13.zubry.org\/index.php?rest_route=\/wp\/v2\/types\/page"}],"author":[{"embeddable":true,"href":"https:\/\/bisonlife13.zubry.org\/index.php?rest_route=\/wp\/v2\/users\/1"}],"replies":[{"embeddable":true,"href":"https:\/\/bisonlife13.zubry.org\/index.php?rest_route=%2Fwp%2Fv2%2Fcomments&post=115"}],"version-history":[{"count":2,"href":"https:\/\/bisonlife13.zubry.org\/index.php?rest_route=\/wp\/v2\/pages\/115\/revisions"}],"predecessor-version":[{"id":343,"href":"https:\/\/bisonlife13.zubry.org\/index.php?rest_route=\/wp\/v2\/pages\/115\/revisions\/343"}],"wp:attachment":[{"href":"https:\/\/bisonlife13.zubry.org\/index.php?rest_route=%2Fwp%2Fv2%2Fmedia&parent=115"}],"curies":[{"name":"wp","href":"https:\/\/api.w.org\/{rel}","templated":true}]}}