{"id":106,"date":"2024-07-25T08:57:15","date_gmt":"2024-07-25T08:57:15","guid":{"rendered":"https:\/\/zubry.hmcloud.pl\/piotrek13\/?page_id=106"},"modified":"2025-01-06T10:13:11","modified_gmt":"2025-01-06T10:13:11","slug":"historia-wolnych-zubrow","status":"publish","type":"page","link":"https:\/\/bisonlife13.zubry.org\/?page_id=106","title":{"rendered":"Historia wolnych \u017cubr\u00f3w"},"content":{"rendered":"\n<h2 class=\"wp-block-heading\"><strong>Historia powstania wolno\u015bciowego stada \u017cubr\u00f3w w Polsce p\u00f3\u0142nocno-zachodniej<\/strong><\/h2>\n\n\n\n<p>Pierwsze wolne stado \u017cubr\u00f3w na Pomorzu Zachodnim zosta\u0142o utworzone 29 lutego 1980 r. przez prof. dr hab. Ryszarda Graczyka. Cztery byki i cztery krowy linii nizinnej sprowadzone z Puszczy Bia\u0142owieskiej zosta\u0142y przesiedlone do zagrody adaptacyjnej o powierzchni ok. 50 ha, zlokalizowanej na terenie Nadle\u015bnictwa Wa\u0142cz, niedaleko miejscowo\u015bci Ostrowiec. Przebywa\u0142y w niej ok. 5 miesi\u0119cy, po czym zosta\u0142y wypuszczone na wolno\u015b\u0107. Na przestrzeni 10 lat od sprowadzenia, \u017cubry przyw\u0119drowa\u0142y na teren Nadle\u015bnictwa Miros\u0142awiec, gdzie przebywaj\u0105 do dzi\u015b. Przez \u0107wier\u0107 wieku stado funkcjonowa\u0142o bez \u201edolewu \u015bwie\u017cej krwi\u201d, wskutek czego obni\u017ca\u0142a si\u0119 rozrodczo\u015b\u0107, a \u015bredni wiek osobnik\u00f3w wzrasta\u0142. Jesieni\u0105 2005 r. stado zosta\u0142o zasilone kolejnymi 8 \u017cubrami linii nizinnej w ramach projektu \u201eOchrona czynna \u017cubr\u00f3w w wojew\u00f3dztwie zachodniopomorskim\u201d w celu podniesienia r\u00f3\u017cnorodno\u015bci genetycznej stada. \u201eDolew krwi\u201d poprawi\u0142 niski przyrost notowany w latach 2003-2005 i powstrzyma\u0142 regres liczebny. Stopniowo liczebno\u015b\u0107 stada zacz\u0119\u0142a wzrasta\u0107, z roku na rok powi\u0119kszaj\u0105c si\u0119 o kilka nowych cielak\u00f3w. W 2005 roku stado liczy\u0142o 22 osobniki, w 2006 roku 30, a w 2010 roku a\u017c 55. W 2013 r. naliczono z kolei 78 \u017cubr\u00f3w, w tym 14 ciel\u0105t. Tendencja wzrostowa wci\u0105\u017c si\u0119 utrzymuje, poniewa\u017c w roku 2014 zliczono w stadzie miros\u0142awieckim a\u017c 86 \u017cubr\u00f3w.<\/p>\n\n\n\n<p>Od 2008 r. w wojew\u00f3dztwie zachodniopomorskim istnieje drugie stado \u017cubr\u00f3w \u017cyj\u0105cych na wolno\u015bci, kt\u00f3re powsta\u0142o w wyniku realizacji projektu ekologicznego prowadzonego przez Zachodniopomorskie Towarzystwo Przyrodnicze. Sprowadzono w\u00f3wczas po 8 osobnik\u00f3w do dw\u00f3ch zagr\u00f3d aklimatyzacyjnych po\u0142o\u017conych w Nadle\u015bnictwach Dobrzany i \u0141obez. W 10 miesi\u0119cy od uwolnienia z zagr\u00f3d, \u017cubry po\u0142\u0105czy\u0142y si\u0119 w jedno ugrupowanie, kt\u00f3re obecnie przebywa w Nadle\u015bnictwie Drawsko na terenie poligonu wojskowego. W roku rozpocz\u0119cia projektu, czyli w 2014 r. liczebno\u015b\u0107 stada by\u0142a szacowana na oko\u0142o 70 sztuk.<\/p>\n\n\n\n<p>Celem projektu LIFE jest zwi\u0119kszenie og\u00f3lnej liczebno\u015bci populacji zachodniopomorskiej do minimum 190 osobnik\u00f3w oraz utworzenie nowego stada pomi\u0119dzy area\u0142ami stad Drawsko i Miros\u0142awiec, wi\u0119c w 2015 r. powsta\u0142o trzecie stado z inicjatywy Zachodniopomorskiego Towarzystwa Przyrodniczego. Kilka osobnik\u00f3w ze stada miros\u0142awieckiego oraz drawskiego, przetransportowano w rejon Le\u015bnicz\u00f3wki Ja\u0142owc\u00f3wka na terenie Nadle\u015bnictwa Drawsko. W tej chwili stado liczy 12 osobnik\u00f3w \u2013 10 kr\u00f3w i 2 byki.<\/p>\n\n\n\n<p>Liczba wolnych \u017cubr\u00f3w w wojew\u00f3dztwie zachodniopomorskim p\u00f3\u0142 roku po rozpocz\u0119ciu projektu LIFE (stycze\u0144 2015 r.) oscylowa\u0142a zatem oko\u0142o 160 osobnik\u00f3w.<\/p>\n","protected":false},"excerpt":{"rendered":"<p>Historia powstania wolno\u015bciowego stada \u017cubr\u00f3w w Polsce p\u00f3\u0142nocno-zachodniej Pierwsze wolne stado \u017cubr\u00f3w na Pomorzu Zachodnim zosta\u0142o utworzone 29 lutego 1980 r. przez prof. dr hab. Ryszarda Graczyka. Cztery byki i cztery krowy linii nizinnej sprowadzone z Puszczy Bia\u0142owieskiej zosta\u0142y przesiedlone do zagrody adaptacyjnej o powierzchni ok. 50 ha, zlokalizowanej na terenie Nadle\u015bnictwa Wa\u0142cz, niedaleko miejscowo\u015bci [&hellip;]<\/p>\n","protected":false},"author":1,"featured_media":0,"parent":0,"menu_order":0,"comment_status":"closed","ping_status":"closed","template":"","meta":{"_uag_custom_page_level_css":"","footnotes":""},"class_list":["post-106","page","type-page","status-publish","hentry"],"uagb_featured_image_src":{"full":false,"thumbnail":false,"medium":false,"medium_large":false,"large":false,"1536x1536":false,"2048x2048":false,"rpwe-thumbnail":false},"uagb_author_info":{"display_name":"admin","author_link":"https:\/\/bisonlife13.zubry.org\/?author=1"},"uagb_comment_info":0,"uagb_excerpt":"Historia powstania wolno\u015bciowego stada \u017cubr\u00f3w w Polsce p\u00f3\u0142nocno-zachodniej Pierwsze wolne stado \u017cubr\u00f3w na Pomorzu Zachodnim zosta\u0142o utworzone 29 lutego 1980 r. przez prof. dr hab. Ryszarda Graczyka. Cztery byki i cztery krowy linii nizinnej sprowadzone z Puszczy Bia\u0142owieskiej zosta\u0142y przesiedlone do zagrody adaptacyjnej o powierzchni ok. 50 ha, zlokalizowanej na terenie Nadle\u015bnictwa Wa\u0142cz, niedaleko miejscowo\u015bci&hellip;","_links":{"self":[{"href":"https:\/\/bisonlife13.zubry.org\/index.php?rest_route=\/wp\/v2\/pages\/106","targetHints":{"allow":["GET"]}}],"collection":[{"href":"https:\/\/bisonlife13.zubry.org\/index.php?rest_route=\/wp\/v2\/pages"}],"about":[{"href":"https:\/\/bisonlife13.zubry.org\/index.php?rest_route=\/wp\/v2\/types\/page"}],"author":[{"embeddable":true,"href":"https:\/\/bisonlife13.zubry.org\/index.php?rest_route=\/wp\/v2\/users\/1"}],"replies":[{"embeddable":true,"href":"https:\/\/bisonlife13.zubry.org\/index.php?rest_route=%2Fwp%2Fv2%2Fcomments&post=106"}],"version-history":[{"count":2,"href":"https:\/\/bisonlife13.zubry.org\/index.php?rest_route=\/wp\/v2\/pages\/106\/revisions"}],"predecessor-version":[{"id":331,"href":"https:\/\/bisonlife13.zubry.org\/index.php?rest_route=\/wp\/v2\/pages\/106\/revisions\/331"}],"wp:attachment":[{"href":"https:\/\/bisonlife13.zubry.org\/index.php?rest_route=%2Fwp%2Fv2%2Fmedia&parent=106"}],"curies":[{"name":"wp","href":"https:\/\/api.w.org\/{rel}","templated":true}]}}