{"id":105,"date":"2024-07-25T08:57:15","date_gmt":"2024-07-25T08:57:15","guid":{"rendered":"https:\/\/zubry.hmcloud.pl\/piotrek13\/?page_id=105"},"modified":"2025-01-06T11:32:44","modified_gmt":"2025-01-06T11:32:44","slug":"opis-projektu","status":"publish","type":"page","link":"https:\/\/bisonlife13.zubry.org\/?page_id=105","title":{"rendered":"Opis projektu"},"content":{"rendered":"\n<h4 class=\"wp-block-heading has-text-align-center\">Dywersyfikacja i rozw\u00f3j populacji \u017cubr\u00f3w w Polsce p\u00f3\u0142nocno-zachodniej<\/h4>\n\n\n\n<hr class=\"wp-block-separator has-alpha-channel-opacity\"\/>\n\n\n\n<p class=\"has-small-font-size\"><strong>\u00a0\u00a0\u00a0\u00a0\u00a0\u00a0\u00a0\u00a0\u00a0\u00a0 Celem nadrz\u0119dnym projektu jest:<\/strong><\/p>\n\n\n\n<ol class=\"wp-block-list has-small-font-size\">\n<li>Stworzenie modelu zarz\u0105dzania populacj\u0105 zagro\u017conego gatunku w przestrzeni wykorzystywanej gospodarczo.<\/li>\n\n\n\n<li>Zwi\u0119kszenie liczebno\u015bci populacji \u017cubr\u00f3w w Polsce p\u00f3\u0142nocno \u2013 zachodniej z wyj\u015bciowych 110 do co najmniej 190 osobnik\u00f3w z jednoczesnym zainicjowaniem naturalnego zwi\u0119kszenia area\u0142u wyst\u0119powania \u017cubr\u00f3w o co najmniej 30 %, co b\u0119dzie skutkowa\u0107 zwi\u0119kszeniem liczebno\u015bci populacji z jednoczesnym zmniejszeniem liczby zwierz\u0105t na jednostk\u0119 powierzchni area\u0142u jako metody rozwoju populacji w krajobrazie rolniczo-le\u015bnym.<\/li>\n<\/ol>\n\n\n\n<hr class=\"wp-block-separator has-alpha-channel-opacity\"\/>\n\n\n\n<p class=\"has-small-font-size\"><strong>&nbsp;&nbsp;&nbsp;&nbsp;&nbsp;&nbsp;&nbsp;&nbsp;&nbsp; Cele operacyjne:<\/strong><\/p>\n\n\n\n<ol class=\"wp-block-list has-small-font-size\">\n<li>Utworzenie nowego stada \u017cubr\u00f3w na terenie pomi\u0119dzy ju\u017c istniej\u0105cymi stadami, a w wyniku tego podniesienie r\u00f3\u017cnorodno\u015bci genetycznej populacji i umo\u017cliwienie wymiany genetycznej pomi\u0119dzy stadami.<\/li>\n\n\n\n<li>Poprawa bazy \u017cerowej \u017cubr\u00f3w na terenach zwi\u0119kszonego area\u0142u.<\/li>\n\n\n\n<li>Utworzenie Bazy Obs\u0142ugi \u017bubr\u00f3w jako systemowego narz\u0119dzia do zarz\u0105dzania populacj\u0105.<\/li>\n\n\n\n<li>Ograniczenie szk\u00f3d w lasach i w uprawach rolnych.<\/li>\n\n\n\n<li>Podniesienie bezpiecze\u0144stwa zwierz\u0105t poprzez upowszechnienie informacji o aktualnych rejonach przebywania.<\/li>\n\n\n\n<li>Wykorzystanie przyjaznych postaw spo\u0142eczno\u015bci lokalnych do rozwoju stada i przeniesienie pozytywnych wzorc\u00f3w zachowa\u0144 na nowe tereny.<\/li>\n<\/ol>\n\n\n\n<hr class=\"wp-block-separator has-alpha-channel-opacity\"\/>\n\n\n\n<p class=\"has-small-font-size\"><strong>&nbsp;&nbsp;&nbsp;&nbsp;&nbsp;&nbsp;&nbsp;&nbsp; Oczekiwanie rezultaty projektu<\/strong>:<\/p>\n\n\n\n<ol class=\"wp-block-list has-small-font-size\">\n<li>Zwi\u0119kszenie liczebno\u015bci populacji o co najmniej 80 osobnik\u00f3w.<\/li>\n\n\n\n<li>Zwi\u0119kszenie area\u0142u \u017cubr\u00f3w zachodniopomorskich o co najmniej 30 %.<\/li>\n\n\n\n<li>Udostepnienie na potrzeby \u017cubr\u00f3w 145,12 ha \u0142\u0105k, 48,49 ha poletek \u017cerowych i 2 ha sad\u00f3w.<\/li>\n\n\n\n<li>Budowa 22 nowych pa\u015bnik\u00f3w dla \u017cubr\u00f3w i remont 10 istniej\u0105cych.<\/li>\n\n\n\n<li>Utworzenie Bazy Obs\u0142ugi \u017bubr\u00f3w \u2013 jednostki dysponuj\u0105cej pracownikami i sprz\u0119tem do obs\u0142ugi populacji\u00a0\u00a0\u00a0 zachodniopomorskiej w trakcie trwania projektu i po jego zako\u0144czeniu.<\/li>\n\n\n\n<li>Utworzenie 2 punkt\u00f3w przechowywania karmy dla \u017cubr\u00f3w, gwarantuj\u0105cych przechowywanie du\u017cych\u00a0 ilo\u015bci karmy bez strat oraz jej sprawne \u0142adowanie i rozwo\u017cenie.<\/li>\n<\/ol>\n","protected":false},"excerpt":{"rendered":"<p>Dywersyfikacja i rozw\u00f3j populacji \u017cubr\u00f3w w Polsce p\u00f3\u0142nocno-zachodniej \u00a0\u00a0\u00a0\u00a0\u00a0\u00a0\u00a0\u00a0\u00a0\u00a0 Celem nadrz\u0119dnym projektu jest: &nbsp;&nbsp;&nbsp;&nbsp;&nbsp;&nbsp;&nbsp;&nbsp;&nbsp; Cele operacyjne: &nbsp;&nbsp;&nbsp;&nbsp;&nbsp;&nbsp;&nbsp;&nbsp; Oczekiwanie rezultaty projektu:<\/p>\n","protected":false},"author":1,"featured_media":0,"parent":0,"menu_order":0,"comment_status":"closed","ping_status":"closed","template":"","meta":{"_uag_custom_page_level_css":"","footnotes":""},"class_list":["post-105","page","type-page","status-publish","hentry"],"uagb_featured_image_src":{"full":false,"thumbnail":false,"medium":false,"medium_large":false,"large":false,"1536x1536":false,"2048x2048":false,"rpwe-thumbnail":false},"uagb_author_info":{"display_name":"admin","author_link":"https:\/\/bisonlife13.zubry.org\/?author=1"},"uagb_comment_info":0,"uagb_excerpt":"Dywersyfikacja i rozw\u00f3j populacji \u017cubr\u00f3w w Polsce p\u00f3\u0142nocno-zachodniej \u00a0\u00a0\u00a0\u00a0\u00a0\u00a0\u00a0\u00a0\u00a0\u00a0 Celem nadrz\u0119dnym projektu jest: &nbsp;&nbsp;&nbsp;&nbsp;&nbsp;&nbsp;&nbsp;&nbsp;&nbsp; Cele operacyjne: &nbsp;&nbsp;&nbsp;&nbsp;&nbsp;&nbsp;&nbsp;&nbsp; Oczekiwanie rezultaty projektu:","_links":{"self":[{"href":"https:\/\/bisonlife13.zubry.org\/index.php?rest_route=\/wp\/v2\/pages\/105","targetHints":{"allow":["GET"]}}],"collection":[{"href":"https:\/\/bisonlife13.zubry.org\/index.php?rest_route=\/wp\/v2\/pages"}],"about":[{"href":"https:\/\/bisonlife13.zubry.org\/index.php?rest_route=\/wp\/v2\/types\/page"}],"author":[{"embeddable":true,"href":"https:\/\/bisonlife13.zubry.org\/index.php?rest_route=\/wp\/v2\/users\/1"}],"replies":[{"embeddable":true,"href":"https:\/\/bisonlife13.zubry.org\/index.php?rest_route=%2Fwp%2Fv2%2Fcomments&post=105"}],"version-history":[{"count":5,"href":"https:\/\/bisonlife13.zubry.org\/index.php?rest_route=\/wp\/v2\/pages\/105\/revisions"}],"predecessor-version":[{"id":352,"href":"https:\/\/bisonlife13.zubry.org\/index.php?rest_route=\/wp\/v2\/pages\/105\/revisions\/352"}],"wp:attachment":[{"href":"https:\/\/bisonlife13.zubry.org\/index.php?rest_route=%2Fwp%2Fv2%2Fmedia&parent=105"}],"curies":[{"name":"wp","href":"https:\/\/api.w.org\/{rel}","templated":true}]}}